ist the prime factors of (-9*4)/(m/48).
2, 3
Suppose -4*d + 21 = 5*i, -3*i - 17 = -0*d - 5*d. Let f be -1*(i - 39) + -2. Suppose 5*r + f = 271. List the prime factors of r.
47
Suppose h = p + 24923, -1958 = -5*h - 3*p + 122665. List the prime factors of h.
2, 3, 31, 67
Let s = 89 + -85. Suppose 18*j = -4*n + 19*j + 1123, -1129 = -s*n - 5*j. What are the prime factors of n?
281
Suppose -2*b - 2*b = 5*f - 36, 5*f = 20. Suppose 4019 = b*t - x, 2*t + x - 4*x - 2007 = 0. Suppose 0 = 7*n - 262 - t. What are the prime factors of n?
181
Suppose -30 - 2 = -8*l. Suppose l*d + 740 = 9*d. What are the prime factors of d?
2, 37
Suppose -9*y + 11*y - m = -11, -5*y = -2*m + 29. Let q(s) = -4*s**3 - 13*s**2 - 31*s + 19. What are the prime factors of q(y)?
971
Let w(p) be the third derivative of -p**6/72 - p**5/40 + 13*p**4/24 - 8*p**2. Let t(r) be the second derivative of w(r). What are the prime factors of t(-6)?
3, 19
Suppose -3*k - 3 = -12. Let f(p) = -24 + 20*p + 24 - 7*p - 23. List the prime factors of f(k).
2
Suppose 0 = -4*x + 1167 + 981. Suppose -2*z + 57 + x = 0. What are the prime factors of z?
3, 11
Suppose 32*z + 3099 = 47587 + 46264. What are the prime factors of z?
2, 709
Suppose -14*k - 78*k - 112386 = -598698. What are the prime factors of k?
2, 3, 881
Let v(c) = 10*c - 61. Let u be v(13). Let r(x) = -x**3 + 13*x**2 - 9*x + 12. Let p be r(9). Suppose -o + p = u. What are the prime factors of o?
2, 3, 31
Let j(v) = v**3 + 8*v**2 - 91*v + 204. What are the prime factors of j(37)?
2, 29221
Suppose 8230 = g + 5*q + 1022, 3*g = -4*q + 21591. List the prime factors of g.
7193
Let s(f) = -f**2 + 2*f**2 - 15*f - f**2 + 22 + f**2. Let k be s(6). What are the prime factors of (k/(-6))/((-11)/(-330))?
2, 5
Let b(s) = s**3 - 7*s**2 + 7*s - 9. Let j = 134 - 93. Suppose -j = -4*o - 5. What are the prime factors of b(o)?
2, 3
Let r(o) = -o**2 + 16*o + 22. Let b be r(16). Let p be (4 - b/4)*-2. Suppose 2*w + p*y - 25 = 2*y, 5*w + y = 64. What are the prime factors of w?
13
Suppose -12914929 = -484*v + 2781191. What are the prime factors of v?
2, 3, 5, 23, 47
Let i(s) = -5*s**3 + 19*s**2 + 18*s + 18. List the prime factors of i(-9).
2, 3, 5, 7
Let k = 35003 + 864. What are the prime factors of k?
13, 31, 89
Suppose 4*g = -5*i + 51374, 2*g + 5500 = 5*i - 45868. What are the prime factors of i?
2, 11, 467
Let o be 12/10*(320/12)/16. Suppose -17*m - o*m = -21090. What are the prime factors of m?
2, 3, 5, 37
What are the prime factors of 2/13 + 204315759/3393 + -7?
2, 3, 5, 223
Let d(i) = 1314*i + 7013. What are the prime factors of d(0)?
7013
Let q(v) be the second derivative of 1/12*v**4 + 10*v + 0 - 1/3*v**3 - 1/20*v**5 + 29*v**2. What are the prime factors of q(0)?
2, 29
Let m be 1 - (-10)/(-4)*(-18)/15. Let f = 106 + -22. List the prime factors of 30/m*f/63.
2, 5
Let d(v) = v**3 - 36*v**2 + 42*v - 336. List the prime factors of d(55).
13, 17, 269
Let y = 14263 + 4840. What are the prime factors of y?
7, 2729
Let x(o) = -o**2 + 11*o - 6. Suppose -47 + 71 = 2*g. Let j be x(g). Let a = 34 + j. List the prime factors of a.
2
Let u be 88/(-6) + (-16)/(-24). Let c = u + 18. Suppose 3*i + c*g - 86 = 90, i - 3*g = 76. List the prime factors of i.
2
Let n = 60025 - 29208. What are the prime factors of n?
30817
Let k(z) be the third derivative of 0*z + 7/30*z**5 + 0*z**4 + 0 + 30*z**2 + 1/6*z**3. List the prime factors of k(3).
127
Suppose 19 = 2*v + 7. Let a(z) = 5 - 3*z - v + 15*z. List the prime factors of a(2).
23
Let y(q) = -5*q**3 + 6*q**2 - 6*q - 18. Suppose -13*r + 2*r = 55. What are the prime factors of y(r)?
787
Let j = -133 - -137. List the prime factors of (-2537)/(-3) + 66/(-18) + j.
2, 3, 47
Let y(f) = -50*f**2 + 29*f + 7. Let z be y(-10). What are the prime factors of 2/(-4) + z/(-18)?
293
Let m(a) = a**3 + 3*a**2 + 6*a - 6. Let q be 9 + (-7 - (1 - 3)). Let g(h) = -2*h**2 + 8*h + 3. Let z be g(q). List the prime factors of m(z).
2, 3, 11
Let u be (160/24)/((-1)/(-3)). Suppose 0*b = -u*b + 6800. List the prime factors of b.
2, 5, 17
List the prime factors of (4 - -147465)*154/539.
2, 21067
Let a(d) = 79*d - 338. Suppose 0 = -4*c + 47 + 21. What are the prime factors of a(c)?
3, 5, 67
Let p(b) = -101*b**3 + 17*b**2 - 21*b - 24. What are the prime factors of p(-6)?
2, 3, 5, 751
Let z = 3339 - 1795. List the prime factors of z.
2, 193
Let w(c) = 52*c**3 - 4*c**2 + 15*c - 37. List the prime factors of w(8).
3, 2939
Suppose 2*l - 8 = -4*j + 8, -4*j - 3*l = -20. Let n(b) = 11*b**2 - 51*b + 27*b + b**3 + 0*b**j - 2. What are the prime factors of n(-12)?
2, 71
Let n(w) = -44*w + 79. Suppose 5*g = -5*x - 45, -g - g + 52 = -3*x. List the prime factors of n(x).
5, 139
Suppose -3*p - 8657 = 595. What are the prime factors of (p/3 - 2)/(2/(-1))?
5, 103
List the prime factors of 2/12*-1 + (-31606954)/(-5172).
3, 7, 97
Suppose -5*q + 2*j - 3475 = 0, 5*q + 1218 + 2247 = 4*j. Let w = q + 802. What are the prime factors of w?
3, 5, 7
Suppose -2*q + 3*n - 7 = 0, 0*n = 2*q - 5*n + 17. Suppose 0*b - 60 = -q*m - 3*b, 5*b = 5*m - 75. What are the prime factors of 249/9 - 10/m?
3
Suppose 62*z - 59*z = -2*a + 20353, 30540 = 3*a + z. What are the prime factors of a?
10181
Suppose 8 = 2*p + 2*t - 0, 0 = -3*p + 5*t + 52. Let k be 107/(-5) + (-4)/(-10). What are the prime factors of p/k + (-374)/(-7)?
53
Let z be 674 - (12/2 - 4). Suppose 1356 = 6*q - z. List the prime factors of q.
2, 13
Let b = 189 + -187. Suppose -6*t - b = -2564. List the prime factors of t.
7, 61
Let a(v) = -347*v - 3786. List the prime factors of a(-24).
2, 3, 757
Let m(t) = 568*t - 30 - 53 - 6 - 406*t. List the prime factors of m(7).
5, 11, 19
Suppose h = -1, h = 3*t - 0*h - 58. Let w(g) = -g**3 + 19*g**2 - 7*g - 30. Let l be w(t). What are the prime factors of 3/(-3) + 5 - l?
167
Let u(v) = 32*v**3 + 4*v**2 - 17*v - 4. Let q be (-12)/14*(85/(-10) - -5). List the prime factors of u(q).
5, 13
Let n(t) = -2*t**2 + 13*t - 2. Suppose 0 = 2*m - 5 - 7. Let z be n(m). Suppose -z*o - d = -2*d - 113, -98 = -4*o - 2*d. List the prime factors of o.
3
List the prime factors of (-400)/88 + 30/55 - -3305.
3301
Suppose -2*q = 6, -8*v + 4*v = -2*q - 78. List the prime factors of (v/(-12))/(4/(-1832)).
3, 229
Let d(t) = -t**3 + t**2 - 23*t - 97. Suppose 0 = -1051*l + 1057*l + 48. List the prime factors of d(l).
3, 13, 17
Let x = -54410 + 89965. List the prime factors of x.
5, 13, 547
Let f(j) = -8*j - 61. List the prime factors of f(-22).
5, 23
Let m = 28429 - -26805. What are the prime factors of m?
2, 27617
Let l = 2215 + -2075. What are the prime factors of l?
2, 5, 7
Suppose 2*n + 5*r - 8758 = 0, -38*r - 4368 = -n - 35*r. List the prime factors of n.
2, 3
Let c(n) = n**2 - 11*n - 16. Let o be c(12). Let l be 2 + o + (-76*2)/(-4). Let y = 25 + l. List the prime factors of y.
61
Suppose 4*n = 20 - 8, 2*h = 4*n - 1322. Let r = -396 - h. List the prime factors of r.
7, 37
Let a(y) be the first derivative of 3 + 2*y**3 + 10*y + 7/2*y**2 - 1/4*y**4. List the prime factors of a(6).
2, 13
Suppose k - 4110 = 3*f, 0*k + 16372 = 4*k + 5*f. List the prime factors of k/7 + (-124)/28 + 5.
2, 293
Let q(c) = -5*c**2 + 1 - 703*c**3 + c - 533*c**3 + 5*c**2 + 25*c**3. List the prime factors of q(-1).
7, 173
Let l(c) = -2*c + 45. Let b be l(21). Suppose -3*q = -b*a - 2*q + 2101, -5*q - 2805 = -4*a. What are the prime factors of a?
2, 5, 7
Let t = 10 - 8. Suppose -3*m - o = -256, 4*m = -6*o + t*o + 344. Suppose r - 3*h - m = 0, -2*r - 5*h + 190 = -h. List the prime factors of r.
7, 13
Let u(b) = b**2 - 7*b + 13. Let j be u(2). Let n(p) = 18*p**2 - 13*p + 33. What are the prime factors of n(j)?
2, 3, 13
Let n = -104 - -104. Suppose -5*c + 11*c - 30 = n. Suppose k - 121 = -5*v, c*k - 2*v + 274 = 7*k. List the prime factors of k.
3, 47
Suppose -3*n + 6*n = -3*h + 90, -2*h = -5*n - 95. Suppose -b + h = -19. Let k = b + 172. What are the prime factors of k?
2, 113
Suppose 0 = -2*h + 5*i + 13621, 0*h - 4*i - 6818 = -h. List the prime factors of h.
2, 3, 11, 103
Let u(g) = 11*g**2 - 12*g + 21. Let l(j) = -j**3 + 16*j**2 + 17*j + 6. Let m be l(17). What are the prime factors of u(m)?
3, 5, 23
Suppose 0*d = 5*x - d - 1499, -3*x + 2*d = -898. Suppose 5*y = x + 910. What are the prime factors of y?
2, 11
Suppose 43058 = 2*c - 2*w, 6*c = -5*w + 83275